 Give b(a).
-3
Suppose 51*f = 13*f. Let b(l) = -l - 15. Give b(f).
-15
Let o(x) = 4 - 23*x**2 + 50*x**2 + 8*x - x**3 - 31 - 8*x**2 - 29*x**2. Calculate o(-11).
6
Let v(o) = 17906 - 5*o**2 - 8950 + o**3 + o - 8951. Determine v(4).
-7
Suppose -5*t + 20 = -0*t. Let w(f) = -f**2 - f - 1. Let i(l) = -l**3 - 2*l**2 + l - 10. Let b(y) = -i(y) + 4*w(y). Determine b(t).
18
Let a(q) = -q. Let b(c) = 2*c + 2. Let g(w) = -5*a(w) + b(w). Let d(z) = -10*z - 3. Let m(v) = -5*d(v) - 7*g(v). Give m(5).
6
Let d(b) = b**3 - 4*b**2 - 7*b + 4. Let z(h) = h**2 - 1. Let g(s) = -d(s) + z(s). Calculate g(6).
1
Suppose -s + 9 = -18. Suppose z = 4*z - s. Let q(w) = 7*w**2 - 1 - z*w**2 + 5*w + 3*w**2. Determine q(-3).
-7
Let g(f) = f**3 - 7*f**2 + 6*f - 2. Let x be g(7). Let l = -35 + x. Let r(b) = 3*b - 5. What is r(l)?
10
Let m(j) be the third derivative of 1/24*j**4 + 0*j + 0 - 5/6*j**3 - j**2 + 1/12*j**5 + 1/120*j**6. Let r = 4991 + -4995. Determine m(r).
7
Let h(l) be the first derivative of l**4/12 - 4*l**3/3 - 2*l**2 + 4*l + 34. Let u(j) be the first derivative of h(j). Give u(6).
-16
Suppose 3*g - 2*f = 14, 2*g = -5*f - 0 - 16. Let j(n) = 5*n**2 - 2*n - 2. Determine j(g).
14
Let m(t) = -t**2 - 2. Let k be m(0). Let r = k - -5. Let f(w) = -w - 3 + 3*w + 0*w. Determine f(r).
3
Let g(d) = -d**3 + 10*d**2 + 11*d - 5. Suppose -x - 3*x = -x. Suppose x = 8*t - 29 - 59. Give g(t).
-5
Let u(l) = 7*l + 2*l**2 + 35 + 30 - 117 + 5*l + 41. Give u(-7).
3
Suppose 80 = 9*f - 5*f. Suppose 5*v = w - 0*w + 37, -4*w = v - f. Suppose v = -3*d - d, -3*d = 2*h + 18. Let o(n) = n**2 + 5*n - 5. Determine o(h).
1
Let p(t) = -t**2 - 9*t - 16. Let g be p(-6). Suppose -g*f + 4*n - 4 = -7*f, -n + 1 = 3*f. Let j(a) = -a - 13. Give j(f).
-13
Let m(k) = k**3 + k**2 - 35. Suppose 24*j + 29*j = 56*j. What is m(j)?
-35
Let z(h) = h**2 - 7*h + 10. Suppose 2*j - g - 3*g = 0, 18 = 4*j - 2*g. Calculate z(j).
4
Let s(v) = v - 6. Let y = 0 - 0. Suppose -k + 3 = y, 5*k - 6 = z + 3*k. Suppose z*l = -l + 6. Determine s(l).
0
Let b(g) = -4*g + 5. Suppose 3*z - 138 = 26*z. Calculate b(z).
29
Let r(j) be the first derivative of -j**3 - j**2/2 - j - 3. Let i be 0 - (-3 - 1) - 5. Let f be r(i). Let c(o) = -o - 1. Calculate c(f).
2
Suppose -5 = 2*l - 3*l. Let p(n) = 5*n**3 + 20*n**2 + 20*n - 16. Let i(u) = u**3 + 5*u**2 + 4*u - 4. Let c(y) = -9*i(y) + 2*p(y). What is c(l)?
24
Let j be (-11)/(5/(-1) + 4). Let i = j - 14. Let q(c) = c**2 + 4*c**2 + c**3 - 3*c + 3 + 6*c. Calculate q(i).
12
Let u(g) = -6*g + 13. Let w(s) = -51*s + 360. Let j be w(7). Give u(j).
-5
Let g(x) = -129 - x**2 - x - x + 132. Determine g(2).
-5
Let z(w) be the third derivative of -w**5/60 + 2*w**4/3 - 53*w**3/6 - 3*w**2 - 145. Determine z(5).
2
Suppose 1 = 4*l + p, -3 = l - 3*p - 0*p. Suppose -k - 8 = -5*k. Suppose 3*v - 9 = -w - k*w, l = -2*w - 4*v + 12. Let m(s) = s**2 - 5. What is m(w)?
-5
Let o(b) = -7*b + 3. Suppose 6*l = -l + 7. Let v(i) = i - 1. Let p(m) = l*o(m) + 6*v(m). Determine p(-3).
0
Let w = -1 + -3. Let t(c) = -2*c**3 + 9*c**2 + 3*c + 4. Let k(i) = -3*i**3 + 17*i**2 + 7*i + 7. Let p(x) = -3*k(x) + 5*t(x). Give p(w).
-9
Let o(t) = 50*t**2 - 93*t - 121. Let k(q) = 7*q**2 - 13*q - 17. Let p(m) = -43*k(m) + 6*o(m). Suppose 0 = -2*i - 3*g - 15, -5*g - 25 = -0*g. Give p(i).
5
Let b(k) be the third derivative of -k**7/5040 + k**6/720 - k**5/15 + k**2. Let a(h) be the third derivative of b(h). Give a(7).
-6
Let p(m) = -m**2 + 2*m - 4. Let z = -24 + 24. Let k be p(z). Let x(l) = 0*l**3 + 3 + 4*l**3 + 6*l - 5*l**3 - 3*l**2. Give x(k).
-5
Let o(s) = 4*s**3 - 4*s**2 + 11*s**2 + 9*s - 11*s + 2. Let g(c) = -3*c**3 - 7*c**2 + 2*c - 1. Let p(h) = 3*g(h) + 2*o(h). Give p(-7).
-13
Let f(y) = 1 - 7 - 44*y + 7 - 2. What is f(-1)?
43
Let v(y) = -177 - 7*y**2 + 164 + 6*y**2 + 10*y. What is v(7)?
8
Let c(x) = 4*x**3 - 4*x**2 - 2*x**3 + 249 - x**3 - 248 + 2*x. Let f = 6 - 3. Give c(f).
-2
Let t(b) be the first derivative of -b**4/12 + 2*b**3/3 + 11*b + 3. Let j(f) be the first derivative of t(f). Determine j(4).
0
Let l = -7 - -11. Suppose 0 = -l*z - 39 + 11. Let u(a) = -a**3 - 7*a**2 + a + 4. Determine u(z).
-3
Let a(g) = 13*g**3 - 14*g**2 + 45 - 14*g**3 - 54 - 11*g. Give a(-13).
-35
Let j be (0 - 4/8)/(2/(-36)). Let v(f) = f + 9 + 140*f**2 - f**3 - 133*f**2 - j*f + f. Calculate v(6).
3
Let q be (-44)/(-44) - (-1 - (-1 - 0)). Let v(w) = -4 + 4*w + 5 + q - w. Calculate v(-2).
-4
Let z(x) = x**2 - 3*x. Let a(c) = 5*c**2 - 16*c + 1. Let r(j) = 2*a(j) - 11*z(j). Suppose -p = 2*p + 72. Let u be (p/21)/((-2)/7). Determine r(u).
-10
Let x be 6/(-21) + (-344)/(-28). Suppose -16 = f - x. Let r(u) = -2*u + 1. Determine r(f).
9
Let t(d) = 3 + 2*d**2 - 2*d - 2*d + 5*d**2 + d**3 - 15 + 2*d. Give t(-7).
2
Let v(q) = -3*q - 2. Suppose -h - 1 = -7. Suppose 2*z = 5*z - h. What is v(z)?
-8
Let f(u) = -u**2 + 4*u - 5. Let v be f(5). Let a be 5/(v/(-4)) + -2. Let n(q) = 0 + q + a. Determine n(2).
2
Let m(g) = -g - 2. Let w be m(-2). Suppose w = 5*a + 1 + 4. Let h(v) be the third derivative of -7*v**4/24 - v**3/6 + 17*v**2. Determine h(a).
6
Let r(s) = -s**3 - s**2 + s + 4. Let c(n) = -6*n**3 - 11*n**2 + 3*n + 26. Let z(j) = c(j) - 5*r(j). Give z(-4).
-18
Let c(q) = -q + 2. Let f be (1 + 23 + 4)*1. Let d = f + -32. Calculate c(d).
6
Let c(i) be the first derivative of -3*i**2 - 4*i - 28. Determine c(3).
-22
Let m(z) = -5 + z - 1 + 5. Suppose -15*i = -11*i - 16. Let w be 0 + (5 - 3) - i/2. Give m(w).
-1
Let n = 109/300 + -7/25. Let p(j) be the second derivative of 0 - n*j**4 - 5/2*j**2 - 2/3*j**3 + 4*j. What is p(-5)?
-10
Let c(q) = -14*q - q**2 - 1 + 17*q**2 - 15*q**2 + 6. Give c(6).
-43
Suppose v + 2*v + 12 = 0. Suppose 2*f + 2 = 8. Let j(q) = -9*q**3 + 5*q**2 + 4*q**f + 3*q - 2 + 6*q**3. Calculate j(v).
2
Let i(r) = -5*r + 12. Suppose 1656 - 1600 = 14*u. Give i(u).
-8
Let a(t) = -t**2 + 23*t + 48. Let k be a(25). Let x(s) = -5*s**2 + 41*s + 5. Let j(v) = 3 + 6*v - 2 - v**2 + 2*v. Let p(n) = k*x(n) + 11*j(n). Determine p(6).
1
Let f(w) = 0 + 18*w**2 - 4*w - 3 - 9*w**2 - w - 8*w**2. Determine f(7).
11
Let d = -37 + 37. Let p be 10 - (6 - (2 + d)). Let a(f) = -3*f + 2. Determine a(p).
-16
Let y(o) = -9*o**2 - 14*o - 7. Let q(b) = -5*b**2 - 7*b - 4. Let k(p) = 3*p**2 - 9*p - 1. Let n be k(4). Let g(v) = n*q(v) - 6*y(v). What is g(4)?
10
Let c(d) be the first derivative of d**4/4 - 2*d**3/3 - 2*d**2 - d - 57. What is c(4)?
15
Let w(o) be the first derivative of o**4/3 + 7*o**2 + 13. Let q(h) be the second derivative of w(h). What is q(-2)?
-16
Let x(g) = -5*g**2 - 1. Let d = -7 - 2. Let z(m) = 21*m**2 - m + 5. Let h(f) = d*x(f) - 2*z(f). Suppose 3*s - 18 = -24. What is h(s)?
7
Suppose u - 3*u + 35 = -5*w, w + 7 = 2*u. Let f(c) = c**2 + 4*c + 5. Calculate f(w).
26
Let u be (15/(-2))/(209/22 + -11). Let d(q) = q**2 - 6*q + 9. Give d(u).
4
Let i(h) = 4*h**2 - 9*h + 10. Let o(n) = -9*n**2 + 20*n - 22. Let z(s) = 7*i(s) + 3*o(s). Calculate z(-5).
44
Let r(l) = l**2 - l. Let t(v) be the third derivative of -v**5/12 + 3*v**4/8 - 5*v**3/6 - 15*v**2. Let x(a) = -4*r(a) - t(a). Determine x(6).
11
Let i = -83 - -85. Suppose i*p = -6*p - 88. Let t(r) = -r**2 - 13*r - 13. What is t(p)?
9
Let r = 178 - 183. Let i(z) be the second derivative of -z**4/12 - 2*z**3/3 - 3*z. Give i(r).
-5
Let b be (-25)/(-1) - (1 - 0). Suppose -b + 0 = -4*a. Suppose 2*i + 12 = a*i. Let f(c) = c + 2. Calculate f(i).
5
Let t be 84/(-6)*2/(-7). Suppose -4*m = -3*n - 7, 3*m = -t + 16. Let u(x) = -x**2 + 2*x - 2. Calculate u(n).
-5
Let c(o) be the third derivative of o**5/15 - o**4/12 + o**3/6 + 455*o**2. Determine c(-2).
21
Let p(x) = x + 4. Let y(t) = -1. Let z(r) = -p(r) - 3*y(r). Let o(l) = 5*l + 6. Let j(c) = -o(c) - 4*z(c). Let a(b) = -b**2 + 4*b + 3. Let n be a(5). Give j(n).
0
Let n(v) = v + 10. Let y(t) = -1. Let c(g) = -n(g) - 4*y(g). Let o = 34 - 34. Calculate c(o).
-6
Let s(k) = -6 - 1764*k**2 - 7 + 1776*k**2 + 7*k**3 - 6*k**3. What is s(-12)?
-13
Let h(v) = -7*v - 1. Let s(d) = -16*d - 14*d + 16 + 31*d. Let j be s(-15). Give h(j).
-8
Let z(s) = 5*s**3 + s. Let n be ((0 - 1) + -1)/(3 + -4). Suppose -h + 3 = n*h. Determine z(h).
6
Let b(g) = -23*g**3 - g**3 + 2*g**3 + g**2 + 38*g**3. Let c be 4/(-6) + (-2)/6. Give b(c).
-15
Suppose -3*p + 7*m = 2*m - 28, 3*m + 14 = -p. Suppose p = -3*k - 2*r - 1,